{"id":808,"date":"2017-02-06T15:31:23","date_gmt":"2017-02-06T14:31:23","guid":{"rendered":"http:\/\/csbazois.org\/?page_id=808"},"modified":"2022-06-01T12:06:59","modified_gmt":"2022-06-01T10:06:59","slug":"articles-de-presses","status":"publish","type":"page","link":"https:\/\/csbazois.org\/index.php\/articles-de-presses\/","title":{"rendered":"On parle de nous&#8230;"},"content":{"rendered":"<p><span style=\"text-decoration: underline;\"><span style=\"font-family: arial,helvetica,sans-serif; font-size: 12pt;\"><em><strong>Retrouvez tous les articles de presse diffus\u00e9s dans le Journal du Centre.<\/strong><\/em><\/span><\/span><\/p>\n<p><strong><span style=\"font-family: arial, helvetica, sans-serif; color: #0000ff;\">2018<\/span><\/strong><\/p>\n<p><span style=\"font-family: arial, helvetica, sans-serif; color: #0000ff;\"><a style=\"color: #0000ff;\" href=\"http:\/\/csbazois.org\/?p=1294&amp;preview=true\">1er trimestre<\/a><\/span><\/p>\n<p><a href=\"http:\/\/csbazois.org\/index.php\/2018\/05\/07\/2-eme-trimestre-2018\/\"><span style=\"font-family: arial, helvetica, sans-serif; color: #0000ff;\">2\u00e8me trimestre<\/span><\/a><\/p>\n<p><span style=\"color: #0000ff; font-size: 14pt;\"><strong><span style=\"font-family: arial,helvetica,sans-serif;\">2017<\/span><\/strong><\/span><\/p>\n<p><span style=\"color: #0000ff; font-family: arial,helvetica,sans-serif; font-size: 12pt;\"><a style=\"color: #0000ff;\" href=\"http:\/\/csbazois.org\/index.php\/2017\/02\/06\/1er-trimestre-2017\/\">1er Trimestre<\/a><\/span><\/p>\n<p><a href=\"http:\/\/csbazois.org\/index.php\/2017\/09\/27\/2eme-trimestre-2017\/\"><span style=\"color: #0000ff; font-family: arial,helvetica,sans-serif;\">2\u00e8me Trimestre <\/span><\/a><\/p>\n<p><a href=\"http:\/\/csbazois.org\/index.php\/2017\/09\/27\/3eme-trimestre-2017\/\"><span style=\"color: #0000ff; font-family: arial,helvetica,sans-serif;\">3\u00e8me Trimestre<\/span><\/a><\/p>\n<p><a href=\"http:\/\/csbazois.org\/index.php\/2017\/11\/27\/4eme-trimestre-2017\/\"><span style=\"color: #0000ff;\">4\u00e8me Trimestre<\/span><\/a><\/p>\n<p>&nbsp;<\/p>\n<p><span style=\"color: #0000ff;\"><strong><span style=\"font-family: arial,helvetica,sans-serif; font-size: 14pt;\">2016<\/span><\/strong><\/span><\/p>\n<p><span style=\"color: #0000ff; font-family: arial,helvetica,sans-serif; font-size: 12pt;\"><a style=\"color: #0000ff;\" href=\"http:\/\/csbazois.org\/index.php\/2017\/02\/06\/2eme-trimestre-2016\/\">2\u00e8me Trimestre <\/a><\/span><\/p>\n<p><span style=\"color: #0000ff; font-family: arial,helvetica,sans-serif; font-size: 12pt;\"><a style=\"color: #0000ff;\" href=\"http:\/\/csbazois.org\/index.php\/2017\/02\/06\/3eme-trimestre-2016\/\">3\u00e8me Trimestre<\/a><\/span><\/p>\n<p><span style=\"color: #0000ff; font-family: arial,helvetica,sans-serif; font-size: 12pt;\"><a style=\"color: #0000ff;\" href=\"http:\/\/csbazois.org\/index.php\/2017\/02\/06\/4eme-trimestre-2016\/\">4\u00e8me Trimestre<\/a><\/span><\/p>\n<p>&nbsp;<\/p>\n<p>&nbsp;<\/p>\n<p>&nbsp;<\/p>\n","protected":false},"excerpt":{"rendered":"<p>Retrouvez tous les articles de presse diffus\u00e9s dans le Journal du Centre. 2018 1er trimestre 2\u00e8me trimestre 2017 1er Trimestre 2\u00e8me Trimestre 3\u00e8me Trimestre 4\u00e8me Trimestre &nbsp; 2016 2\u00e8me Trimestre 3\u00e8me Trimestre 4\u00e8me Trimestre&#46;&#46;&#46;<\/p>\n","protected":false},"author":1,"featured_media":0,"parent":0,"menu_order":0,"comment_status":"closed","ping_status":"closed","template":"","meta":{"_exactmetrics_skip_tracking":false,"_exactmetrics_sitenote_active":false,"_exactmetrics_sitenote_note":"","_exactmetrics_sitenote_category":0,"footnotes":""},"class_list":["post-808","page","type-page","status-publish","hentry"],"_links":{"self":[{"href":"https:\/\/csbazois.org\/index.php\/wp-json\/wp\/v2\/pages\/808","targetHints":{"allow":["GET"]}}],"collection":[{"href":"https:\/\/csbazois.org\/index.php\/wp-json\/wp\/v2\/pages"}],"about":[{"href":"https:\/\/csbazois.org\/index.php\/wp-json\/wp\/v2\/types\/page"}],"author":[{"embeddable":true,"href":"https:\/\/csbazois.org\/index.php\/wp-json\/wp\/v2\/users\/1"}],"replies":[{"embeddable":true,"href":"https:\/\/csbazois.org\/index.php\/wp-json\/wp\/v2\/comments?post=808"}],"version-history":[{"count":22,"href":"https:\/\/csbazois.org\/index.php\/wp-json\/wp\/v2\/pages\/808\/revisions"}],"predecessor-version":[{"id":2656,"href":"https:\/\/csbazois.org\/index.php\/wp-json\/wp\/v2\/pages\/808\/revisions\/2656"}],"wp:attachment":[{"href":"https:\/\/csbazois.org\/index.php\/wp-json\/wp\/v2\/media?parent=808"}],"curies":[{"name":"wp","href":"https:\/\/api.w.org\/{rel}","templated":true}]}}