{"id":75,"date":"2016-10-20T11:42:49","date_gmt":"2016-10-20T09:42:49","guid":{"rendered":"http:\/\/csbazois.org\/?page_id=75"},"modified":"2023-09-14T16:45:47","modified_gmt":"2023-09-14T14:45:47","slug":"partenaires","status":"publish","type":"page","link":"https:\/\/csbazois.org\/index.php\/presentation\/partenaires\/","title":{"rendered":"Partenaires"},"content":{"rendered":"\t\t<div data-elementor-type=\"wp-page\" data-elementor-id=\"75\" class=\"elementor elementor-75\">\n\t\t\t\t\t\t\t\t\t<section class=\"elementor-section elementor-top-section elementor-element elementor-element-22f50b30 elementor-section-boxed elementor-section-height-default elementor-section-height-default\" data-id=\"22f50b30\" data-element_type=\"section\">\n\t\t\t\t\t\t<div class=\"elementor-container elementor-column-gap-default\">\n\t\t\t\t\t<div class=\"elementor-column elementor-col-100 elementor-top-column elementor-element elementor-element-62758b2f\" data-id=\"62758b2f\" data-element_type=\"column\">\n\t\t\t<div class=\"elementor-widget-wrap elementor-element-populated\">\n\t\t\t\t\t\t\t\t<div class=\"elementor-element elementor-element-47f54277 elementor-widget elementor-widget-text-editor\" data-id=\"47f54277\" data-element_type=\"widget\" data-widget_type=\"text-editor.default\">\n\t\t\t\t<div class=\"elementor-widget-container\">\n\t\t\t<style>\/*! elementor - v3.16.0 - 17-10-2023 *\/\n.elementor-widget-text-editor.elementor-drop-cap-view-stacked .elementor-drop-cap{background-color:#69727d;color:#fff}.elementor-widget-text-editor.elementor-drop-cap-view-framed .elementor-drop-cap{color:#69727d;border:3px solid;background-color:transparent}.elementor-widget-text-editor:not(.elementor-drop-cap-view-default) .elementor-drop-cap{margin-top:8px}.elementor-widget-text-editor:not(.elementor-drop-cap-view-default) .elementor-drop-cap-letter{width:1em;height:1em}.elementor-widget-text-editor .elementor-drop-cap{float:left;text-align:center;line-height:1;font-size:50px}.elementor-widget-text-editor .elementor-drop-cap-letter{display:inline-block}<\/style>\t\t\t\t<blockquote>\n<p style=\"text-align: justify;\">La reconnaissance des actions d&rsquo;un Centre Social n\u00e9cessite aujourd&rsquo;hui de d\u00e9velopper des strat\u00e9gies \u00e0 diverses \u00e9chelles. Du niveau local au niveau d\u00e9partemental, r\u00e9gional voire national, des n\u00e9gociations sont \u00e0 mener pour permettre la concr\u00e9tisation des actions. Le D\u00e9veloppement Social Local n&rsquo;est possible que dans la mesure o\u00f9 les diverses institutions se positionnent de mani\u00e8re compl\u00e9mentaire et en fonction de leur champ de comp\u00e9tence.<\/p>\n<\/blockquote>\n<p style=\"text-align: justify;\">Le Centre Social trouve un appui certain aupr\u00e8s des diff\u00e9rents dispositifs institutionnels.&nbsp; La F\u00e9d\u00e9ration D\u00e9partementale des Centres Sociaux, la Caisse d&rsquo;Allocations Familiales, la Mutualit\u00e9 Sociale Agricole, le Conseil D\u00e9partemental, acteurs historiques du d\u00e9veloppement des Centres Sociaux dans la Ni\u00e8vre, la C.A.R.S.A.T. et la Communaut\u00e9 de Communes Bazois Loire Morvan soutiennent l&rsquo;action du Centre Social.<\/p>\n<p style=\"text-align: justify;\">Sur certaines th\u00e9matiques, un travail de r\u00e9flexion, de mutualisation de moyens entre Centres Sociaux \u00e0 l&rsquo;\u00e9chelle du Pays Nivernais Morvan peut favoriser la prise en compte de difficult\u00e9s que le Centre Social ne peut r\u00e9soudre seul.<br>En adh\u00e9rent \u00e0 la F\u00e9d\u00e9ration D\u00e9partementale des Centres Sociaux, le Centre Social du Bazois adh\u00e8re \u00e0 la charte nationale des centres sociaux et socio-culturels de France.<\/p>\n<p style=\"text-align: justify;\">Fort de ce partenariat, le Centre Social s&rsquo;est fortement&nbsp;impliqu\u00e9 dans la signature d&rsquo;une Convention Territoriale Globale, regroupant l&rsquo;ensemble de ces institutions.<\/p>\n<p style=\"text-align: center;\"><span style=\"color: #333333;\"><a style=\"color: #333333;\" href=\"http:\/\/csbazois.org\/wp-content\/uploads\/2016\/10\/charte-territoriale-globale.pdf\"><strong><em><span style=\"text-decoration: underline;\"><span style=\"font-family: arial,helvetica,sans-serif; font-size: 12pt;\">Consulter la Charte Territoriale Globale&nbsp;<\/span><\/span><\/em><\/strong><\/a><\/span><\/p>\n<p><\/p>\n<p style=\"text-align: center;\"><strong>Retrouvez les diff\u00e9rents site de nos partenaires en cliquant sur les liens ci-dessous :<\/strong><br><img loading=\"lazy\" decoding=\"async\" class=\"wp-image-281 alignleft\" src=\"http:\/\/csbazois.org\/wp-content\/uploads\/2016\/10\/th3-2-268x300.jpg\" alt=\"th3-2\" width=\"38\" height=\"42\"><\/p>\n<div>\u2022<strong>&nbsp;<\/strong><strong>F\u00e9d\u00e9ration des Centres Sociaux de la Ni\u00e8vre<\/strong><\/div>\n<div>2 Bd Jacques Duclos\u2013&nbsp;58000 NEVERS<\/div>\n<div>&nbsp;&nbsp;&nbsp;&nbsp;&nbsp;&nbsp;&nbsp;&nbsp;&nbsp;&nbsp;&nbsp;&nbsp; T\u00e9l : 03 86 61 58 30&nbsp;&nbsp;&nbsp; Fax : 03 86 61 93 05<\/div>\n<div>&nbsp;&nbsp;&nbsp;&nbsp;&nbsp;&nbsp;&nbsp;&nbsp;&nbsp;&nbsp;&nbsp;&nbsp; Site : <a href=\"http:\/\/federation58.centres-sociaux.fr\/\">http:\/\/federation58.centres-sociaux.fr\/<\/a><\/div>\n<div>&nbsp;<\/div>\n<div>\n<div><img loading=\"lazy\" decoding=\"async\" class=\"alignleft wp-image-282\" src=\"http:\/\/csbazois.org\/wp-content\/uploads\/2016\/10\/logo_carsat_bfc1.png\" alt=\"logo_carsat_bfc1\" width=\"110\" height=\"51\">\u2022<strong>&nbsp;<\/strong><strong>Caisse d&rsquo;Assurance Retraite et de Sant\u00e9 au Travail (CARSAT)<\/strong><\/div>\n<div>38, Rue de Cracovie &#8211; ZAE Cap Nord &#8211; 21044 DIJON Cedex<\/div>\n<div>T\u00e9l : 39 60<\/div>\n<div>Site : <a href=\"http:\/\/www.carsat-bfc.fr\/\">http:\/\/www.carsat-bfc.fr\/<\/a><span style=\"color: var( --e-global-color-text );\">&nbsp;<\/span><\/div>\n<\/div>\n<div>&nbsp;<\/div>\n<div>\n<div><img loading=\"lazy\" decoding=\"async\" class=\"alignleft wp-image-2182\" src=\"http:\/\/csbazois.org\/wp-content\/uploads\/2022\/03\/CCBLM.jpg\" alt=\"\" width=\"133\" height=\"123\"><\/div>\n<div>&nbsp;<\/div>\n<div>\u2022<strong>&nbsp;<\/strong><strong>Communaut\u00e9 de Communes Bazois Loire Morvan<\/strong><\/div>\n<div>11 Place Lafayette, &#8211; 58290 MOULINS-ENGILBERT<\/div>\n<div>T\u00e9l : 03 86 84 33 55<\/div>\n<div>Site : <a href=\"http:\/\/www.lebazois.fr\/\">https:\/\/www.bazoisloiremorvan.fr\/<\/a><\/div>\n<\/div>\n<div>&nbsp;<\/div>\n<p><img loading=\"lazy\" decoding=\"async\" class=\"alignleft wp-image-2181\" src=\"http:\/\/csbazois.org\/wp-content\/uploads\/2022\/03\/CAF-NIEVRE.png\" alt=\"\" width=\"97\" height=\"141\"><\/p>\n<div>\u2022<strong>&nbsp;<\/strong><strong>Caisse d&rsquo;Allocations Familiales de la Ni\u00e8vre (CAF)<\/strong><\/div>\n<div>85 bis rue des Chauvelles BP 80092 \u2013&nbsp;58020 NEVERS CEDEX<\/div>\n<div>T\u00e9l : 0 820 25 58 10 &nbsp; Fax : 03 86 71 42 07<\/div>\n<div>Site : <a href=\"http:\/\/www.caf.fr\/\">www.caf.fr<\/a><\/div>\n<div>&nbsp;<\/div>\n<div>&nbsp;<\/div>\n<p style=\"text-align: left;\"><img loading=\"lazy\" decoding=\"async\" class=\"alignleft wp-image-2180\" src=\"http:\/\/csbazois.org\/wp-content\/uploads\/2022\/03\/Conseil-departemental-300x81.png\" alt=\"\" width=\"181\" height=\"49\" srcset=\"https:\/\/csbazois.org\/wp-content\/uploads\/2022\/03\/Conseil-departemental-300x81.png 300w, https:\/\/csbazois.org\/wp-content\/uploads\/2022\/03\/Conseil-departemental.png 431w\" sizes=\"auto, (max-width: 181px) 100vw, 181px\" \/>&nbsp;\u2022 <strong>Conseil D\u00e9partemental<\/strong><\/p>\n<div style=\"text-align: left;\">Rue de la Pr\u00e9fecture \u2013 58039 NEVERS CEDEX<\/div>\n<div style=\"text-align: left; padding-left: 80px;\">&nbsp;&nbsp;&nbsp;&nbsp;&nbsp;&nbsp;&nbsp;&nbsp;&nbsp;&nbsp;&nbsp;&nbsp;&nbsp;&nbsp;&nbsp;&nbsp;&nbsp;&nbsp;&nbsp;&nbsp;&nbsp;&nbsp; T\u00e9l : 03 86 60 67 00&nbsp; &nbsp;<\/div>\n<div style=\"text-align: left; padding-left: 80px;\">&nbsp;&nbsp;&nbsp;&nbsp;&nbsp;&nbsp;&nbsp;&nbsp;&nbsp;&nbsp;&nbsp;&nbsp;&nbsp;&nbsp;&nbsp;&nbsp;&nbsp;&nbsp;&nbsp;&nbsp;&nbsp;&nbsp; Site : <a href=\"http:\/\/www.cg58.fr\/\">www.cg58.fr<\/a><\/div>\n<p><img loading=\"lazy\" decoding=\"async\" class=\"alignleft wp-image-2179\" src=\"http:\/\/csbazois.org\/wp-content\/uploads\/2022\/03\/MSA.jpg\" alt=\"\" width=\"134\" height=\"112\"><\/p>\n<div>&nbsp;<\/div>\n<div>&nbsp;\u2022<strong> Mutualit\u00e9 Sociale Agricole Bourgogne (MSA)<\/strong><\/div>\n<div>5 Avenue Colbert \u2013 58039 NEVERS CEDEX<\/div>\n<div>T\u00e9l : 03 86 93 50 00 &nbsp; Fax : 03 86 93 50 09<\/div>\n<div>Site : <a href=\"http:\/\/www.msa-bourgogne.fr\/\">www.msa-bourgogne.fr<\/a><\/div>\n<div>&nbsp;<\/div>\n<div>&nbsp;<\/div>\n<div>&nbsp;<\/div>\t\t\t\t\t\t<\/div>\n\t\t\t\t<\/div>\n\t\t\t\t\t<\/div>\n\t\t<\/div>\n\t\t\t\t\t\t\t<\/div>\n\t\t<\/section>\n\t\t\t\t\t\t\t<\/div>\n\t\t","protected":false},"excerpt":{"rendered":"<p>La reconnaissance des actions d&rsquo;un Centre Social n\u00e9cessite aujourd&rsquo;hui de d\u00e9velopper des strat\u00e9gies \u00e0 diverses \u00e9chelles. Du niveau local au niveau d\u00e9partemental, r\u00e9gional voire national, des n\u00e9gociations sont \u00e0 mener pour permettre la concr\u00e9tisation&#46;&#46;&#46;<\/p>\n","protected":false},"author":1,"featured_media":0,"parent":79,"menu_order":0,"comment_status":"closed","ping_status":"closed","template":"","meta":{"_exactmetrics_skip_tracking":false,"_exactmetrics_sitenote_active":false,"_exactmetrics_sitenote_note":"","_exactmetrics_sitenote_category":0,"footnotes":""},"class_list":["post-75","page","type-page","status-publish","hentry"],"_links":{"self":[{"href":"https:\/\/csbazois.org\/index.php\/wp-json\/wp\/v2\/pages\/75","targetHints":{"allow":["GET"]}}],"collection":[{"href":"https:\/\/csbazois.org\/index.php\/wp-json\/wp\/v2\/pages"}],"about":[{"href":"https:\/\/csbazois.org\/index.php\/wp-json\/wp\/v2\/types\/page"}],"author":[{"embeddable":true,"href":"https:\/\/csbazois.org\/index.php\/wp-json\/wp\/v2\/users\/1"}],"replies":[{"embeddable":true,"href":"https:\/\/csbazois.org\/index.php\/wp-json\/wp\/v2\/comments?post=75"}],"version-history":[{"count":32,"href":"https:\/\/csbazois.org\/index.php\/wp-json\/wp\/v2\/pages\/75\/revisions"}],"predecessor-version":[{"id":4324,"href":"https:\/\/csbazois.org\/index.php\/wp-json\/wp\/v2\/pages\/75\/revisions\/4324"}],"up":[{"embeddable":true,"href":"https:\/\/csbazois.org\/index.php\/wp-json\/wp\/v2\/pages\/79"}],"wp:attachment":[{"href":"https:\/\/csbazois.org\/index.php\/wp-json\/wp\/v2\/media?parent=75"}],"curies":[{"name":"wp","href":"https:\/\/api.w.org\/{rel}","templated":true}]}}