{"id":723,"date":"2017-02-01T14:58:58","date_gmt":"2017-02-01T13:58:58","guid":{"rendered":"http:\/\/csbazois.org\/?page_id=723"},"modified":"2024-05-14T11:52:37","modified_gmt":"2024-05-14T09:52:37","slug":"aide-aux-aidants","status":"publish","type":"page","link":"https:\/\/csbazois.org\/index.php\/aide-aux-aidants\/","title":{"rendered":"Aide aux Aidants"},"content":{"rendered":"\t\t<div data-elementor-type=\"wp-page\" data-elementor-id=\"723\" class=\"elementor elementor-723\">\n\t\t\t\t\t\t\t\t\t<section class=\"elementor-section elementor-top-section elementor-element elementor-element-3290305b elementor-section-boxed elementor-section-height-default elementor-section-height-default\" data-id=\"3290305b\" data-element_type=\"section\">\n\t\t\t\t\t\t<div class=\"elementor-container elementor-column-gap-default\">\n\t\t\t\t\t<div class=\"elementor-column elementor-col-100 elementor-top-column elementor-element elementor-element-cb18554\" data-id=\"cb18554\" data-element_type=\"column\">\n\t\t\t<div class=\"elementor-widget-wrap elementor-element-populated\">\n\t\t\t\t\t\t\t\t<div class=\"elementor-element elementor-element-5f9dcce6 elementor-widget elementor-widget-text-editor\" data-id=\"5f9dcce6\" data-element_type=\"widget\" data-widget_type=\"text-editor.default\">\n\t\t\t\t<div class=\"elementor-widget-container\">\n\t\t\t<style>\/*! elementor - v3.16.0 - 17-10-2023 *\/\n.elementor-widget-text-editor.elementor-drop-cap-view-stacked .elementor-drop-cap{background-color:#69727d;color:#fff}.elementor-widget-text-editor.elementor-drop-cap-view-framed .elementor-drop-cap{color:#69727d;border:3px solid;background-color:transparent}.elementor-widget-text-editor:not(.elementor-drop-cap-view-default) .elementor-drop-cap{margin-top:8px}.elementor-widget-text-editor:not(.elementor-drop-cap-view-default) .elementor-drop-cap-letter{width:1em;height:1em}.elementor-widget-text-editor .elementor-drop-cap{float:left;text-align:center;line-height:1;font-size:50px}.elementor-widget-text-editor .elementor-drop-cap-letter{display:inline-block}<\/style>\t\t\t\t<p style=\"text-align: center;\"><span style=\"color: #00ccff; font-family: 'comic sans ms', sans-serif; font-size: 18pt;\"><strong>FORMATION DES AIDANTS ET GROUPES DE PAROLES <\/strong><\/span><\/p><p style=\"text-align: center;\"><span style=\"font-family: 'comic sans ms', sans-serif;\">D\u00e9but 2017, en partenariat avec le Centre Social de Moulins Engilbert, le Centre Social du Bazois a mis en place une formation d\u2019Aide aux Aidants. Celle-ci a \u00e9t\u00e9 poursuivie par la mise en place d\u2019un groupe de parole. Le centre social a poursuivi l\u2019action par une deuxi\u00e8me session en 2018. Cette action se poursuit avec la constitution d&rsquo;un nouveau groupe d\u2019aidants.<\/span><\/p><p style=\"text-align: center;\"><span style=\"color: #00ccff; font-family: 'comic sans ms', sans-serif; font-size: 14pt;\"><strong><a id=\"relayage\" style=\"color: #00ccff;\"><\/a><span style=\"font-size: 18pt;\">SERVICE RELAYAGE<\/span><\/strong><\/span><\/p><p style=\"text-align: center;\"><a href=\"http:\/\/csbazois.org\/wp-content\/uploads\/2022\/06\/relayage.png\" target=\"_blank\" rel=\"noopener\"><img loading=\"lazy\" decoding=\"async\" class=\"alignnone wp-image-2977\" src=\"http:\/\/csbazois.org\/wp-content\/uploads\/2022\/06\/relayage-300x110.png\" alt=\"\" width=\"226\" height=\"83\" srcset=\"https:\/\/csbazois.org\/wp-content\/uploads\/2022\/06\/relayage-300x110.png 300w, https:\/\/csbazois.org\/wp-content\/uploads\/2022\/06\/relayage-768x281.png 768w, https:\/\/csbazois.org\/wp-content\/uploads\/2022\/06\/relayage.png 973w\" sizes=\"auto, (max-width: 226px) 100vw, 226px\" \/><\/a><\/p><p style=\"text-align: center;\"><span style=\"font-family: 'comic sans ms', sans-serif;\">En 2018, le centre social s\u2019est associ\u00e9 avec les centres sociaux de Lormes et Moulins Engilbert pour d\u00e9poser un dossier de mise en \u0153uvre d\u2019un service de relayage \u00e0 l\u2019\u00e9chelle du pays Nivernais Morvan aupr\u00e8s de\u00a0 l\u2019Agence R\u00e9gionale de Sant\u00e9. Celui-ci a \u00e9t\u00e9 accept\u00e9 sur 3 ans (2018\/2020) pour mettre en \u0153uvre le service \u00e0 titre exp\u00e9rimental. Au 1er juillet 2021, la convention concernant le service relayage a \u00e9t\u00e9 renouvel\u00e9e par l&rsquo;Agence R\u00e9gionale de Sant\u00e9 pour une dur\u00e9e de 5 ans, toujours en partenariat avec les centres sociaux de Lormes et Moulins Engilbert.<\/span><\/p><p style=\"text-align: center;\"><span style=\"font-family: 'comic sans ms', sans-serif;\">Le relayage va se substituer \u00e0 l\u2019aidant au domicile pour lui permettre de souffler. Il vise en cas d\u2019absence de l\u2019aidant, \u00e0 restreindre l\u2019ampleur des changements d\u2019habitude de la personne en perte d\u2019autonomie qui reste \u00e0 son domicile.\u00a0 Il ne remplace pas les services d\u00e9j\u00e0 mis en place au domicile. Le relayeur effectue les t\u00e2ches qui sont celles que r\u00e9alise l\u2019aidant dans sa vie quotidienne. Par exemple, si un portage de repas est organis\u00e9 en temps normal, il subsistera durant le temps du relayage ; a contrario si l\u2019aidant pr\u00e9parait les repas, ils seront pris en charge par le relayeur.<\/span><\/p><p style=\"text-align: center;\"><span style=\"color: #0000ff; font-family: 'comic sans ms', sans-serif; font-size: 14pt;\"><strong><span style=\"font-size: 18pt; color: #00ccff;\">ACCUEIL DE JOUR ITINERANT<\/span>\u00a0 <\/strong><\/span><\/p><p style=\"text-align: center;\"><span style=\"font-family: 'comic sans ms', sans-serif;\">Suite \u00e0 la r\u00e9flexion men\u00e9e au niveau du pays Nivernais Morvan sur les accueils de jour, le centre social d\u00e9pose en 2016 une demande aupr\u00e8s de l\u2019Agence R\u00e9gionale de Sant\u00e9 et du Conseil D\u00e9partemental d\u2019extension de son accueil de jour de 6 \u00e0 10 places en vue de mettre en place une antenne sur Saint Honor\u00e9 les Bains pour r\u00e9pondre au besoin sur ce secteur. Fin 2016, l\u2019Agence R\u00e9gionale de Sant\u00e9 \u00e9met un avis favorable mais le Conseil D\u00e9partemental ne se positionne pas. En 2018, nous rencontrons le Conseil D\u00e9partemental au sujet de ce projet d\u2019Accueil de Jour itin\u00e9rant. Celui-ci donne enfin un avis favorable sur ce dossier en f\u00e9vrier 2019. En septembre 2019, c&rsquo;est au tour de l&rsquo;A.R.S. de r\u00e9pondre positivement \u00e0 notre demande. Nous avons donc dor\u00e9navant un agr\u00e9ment pour 10 places sur les deux sites.<\/span><\/p><p style=\"text-align: center;\"><span style=\"color: #00ccff; font-family: 'comic sans ms', sans-serif; font-size: 18pt;\"><strong>PLATEFORME DE REPIT ET D&rsquo;ACCOMPAGNEMENT DES AIDANTS<\/strong><\/span><\/p>\t\t\t\t\t\t<\/div>\n\t\t\t\t<\/div>\n\t\t\t\t\t<\/div>\n\t\t<\/div>\n\t\t\t\t\t\t\t<\/div>\n\t\t<\/section>\n\t\t\t\t<section class=\"elementor-section elementor-top-section elementor-element elementor-element-047fbbc elementor-section-boxed elementor-section-height-default elementor-section-height-default\" data-id=\"047fbbc\" data-element_type=\"section\">\n\t\t\t\t\t\t<div class=\"elementor-container elementor-column-gap-default\">\n\t\t\t\t\t<div class=\"elementor-column elementor-col-100 elementor-top-column elementor-element elementor-element-eb03823\" data-id=\"eb03823\" data-element_type=\"column\">\n\t\t\t<div class=\"elementor-widget-wrap elementor-element-populated\">\n\t\t\t\t\t\t\t\t<div class=\"elementor-element elementor-element-26461bf elementor-widget elementor-widget-image\" data-id=\"26461bf\" data-element_type=\"widget\" data-widget_type=\"image.default\">\n\t\t\t\t<div class=\"elementor-widget-container\">\n\t\t\t<style>\/*! elementor - v3.16.0 - 17-10-2023 *\/\n.elementor-widget-image{text-align:center}.elementor-widget-image a{display:inline-block}.elementor-widget-image a img[src$=\".svg\"]{width:48px}.elementor-widget-image img{vertical-align:middle;display:inline-block}<\/style>\t\t\t\t\t\t\t\t\t\t\t\t\t<a href=\"http:\/\/csbazois.org\/wp-content\/uploads\/2022\/08\/PFR58.png\" target=\"_blank\">\n\t\t\t\t\t\t\t<img loading=\"lazy\" decoding=\"async\" width=\"300\" height=\"215\" src=\"https:\/\/csbazois.org\/wp-content\/uploads\/2022\/08\/mini-fepliant-plateforme-repit-300x215.png\" class=\"attachment-medium size-medium wp-image-3103\" alt=\"\" srcset=\"https:\/\/csbazois.org\/wp-content\/uploads\/2022\/08\/mini-fepliant-plateforme-repit-300x215.png 300w, https:\/\/csbazois.org\/wp-content\/uploads\/2022\/08\/mini-fepliant-plateforme-repit.png 429w\" sizes=\"auto, (max-width: 300px) 100vw, 300px\" \/>\t\t\t\t\t\t\t\t<\/a>\n\t\t\t\t\t\t\t\t\t\t\t\t\t\t\t<\/div>\n\t\t\t\t<\/div>\n\t\t\t\t\t<\/div>\n\t\t<\/div>\n\t\t\t\t\t\t\t<\/div>\n\t\t<\/section>\n\t\t\t\t<section class=\"elementor-section elementor-top-section elementor-element elementor-element-2538f38 elementor-section-boxed elementor-section-height-default elementor-section-height-default\" data-id=\"2538f38\" data-element_type=\"section\">\n\t\t\t\t\t\t<div class=\"elementor-container elementor-column-gap-default\">\n\t\t\t\t\t<div class=\"elementor-column elementor-col-100 elementor-top-column elementor-element elementor-element-0166bd1\" data-id=\"0166bd1\" data-element_type=\"column\">\n\t\t\t<div class=\"elementor-widget-wrap elementor-element-populated\">\n\t\t\t\t\t\t\t\t<div class=\"elementor-element elementor-element-9784a96 elementor-widget elementor-widget-text-editor\" data-id=\"9784a96\" data-element_type=\"widget\" data-widget_type=\"text-editor.default\">\n\t\t\t\t<div class=\"elementor-widget-container\">\n\t\t\t\t\t\t\t<p style=\"font-style: normal; font-variant-ligatures: normal; font-variant-caps: normal; font-weight: 400; font-size: 20.34px; font-family: Roboto, sans-serif; text-align: center;\"><span style=\"font-family: 'comic sans ms', sans-serif;\">Le Conseil d\u2019Administration du Centre Social du Bazois a retenu le principe de s\u2019inscrire dans la d\u00e9marche de mise en place d\u2019une Plateforme de R\u00e9pit et d&rsquo;Accompagnement des Aidants, propos\u00e9e par l\u2019Agence R\u00e9gionale de Sant\u00e9 (ARS). Ce projet \u00e0 l\u2019\u00e9chelle d\u00e9partementale s\u2019inscrit dans une d\u00e9marche partenariale toujours avec les centres sociaux de Lormes et Moulins Engilbert mais aussi avec le Centre Communal d\u2019Action Sociale de Nevers qui portait ce dispositif sur l\u2019agglom\u00e9ration neversoise, jusqu&rsquo;\u00e0 fin 2021. Depuis f\u00e9vrier 2022, c&rsquo;est le Centre Social de Moulins Engilbert qui est porteur de cette Plateforme de R\u00e9pit et d&rsquo;Accompagnement des Aidants.<\/span><\/p><p style=\"font-style: normal; font-variant-ligatures: normal; font-variant-caps: normal; font-weight: 400; font-size: 20.34px; font-family: Roboto, sans-serif; text-align: center;\"><span style=\"font-family: 'comic sans ms', sans-serif;\">La \u00a0Plateforme de R\u00e9pit et d&rsquo;Accompagnement des Aidants a pour mission de r\u00e9pondre aux besoins d&rsquo;information, d&rsquo;\u00e9coute, de conseils et de relais des aidants pour les conforter dans leur r\u00f4le d&rsquo;aidants dans une logique de proximit\u00e9, de proposer diverses prestations de r\u00e9pit ou de soutien \u00e0 la personne malade, \u00e0 son aidant ou au couple, et de favoriser le maintien de la vie sociale et relationnelle de la personne malade, et de son aidant.<\/span><\/p>\t\t\t\t\t\t<\/div>\n\t\t\t\t<\/div>\n\t\t\t\t\t<\/div>\n\t\t<\/div>\n\t\t\t\t\t\t\t<\/div>\n\t\t<\/section>\n\t\t\t\t\t\t\t<\/div>\n\t\t","protected":false},"excerpt":{"rendered":"<p>FORMATION DES AIDANTS ET GROUPES DE PAROLES D\u00e9but 2017, en partenariat avec le Centre Social de Moulins Engilbert, le Centre Social du Bazois a mis en place une formation d\u2019Aide aux Aidants. Celle-ci a&#46;&#46;&#46;<\/p>\n","protected":false},"author":1,"featured_media":0,"parent":0,"menu_order":0,"comment_status":"closed","ping_status":"closed","template":"","meta":{"_exactmetrics_skip_tracking":false,"_exactmetrics_sitenote_active":false,"_exactmetrics_sitenote_note":"","_exactmetrics_sitenote_category":0,"footnotes":""},"class_list":["post-723","page","type-page","status-publish","hentry"],"_links":{"self":[{"href":"https:\/\/csbazois.org\/index.php\/wp-json\/wp\/v2\/pages\/723","targetHints":{"allow":["GET"]}}],"collection":[{"href":"https:\/\/csbazois.org\/index.php\/wp-json\/wp\/v2\/pages"}],"about":[{"href":"https:\/\/csbazois.org\/index.php\/wp-json\/wp\/v2\/types\/page"}],"author":[{"embeddable":true,"href":"https:\/\/csbazois.org\/index.php\/wp-json\/wp\/v2\/users\/1"}],"replies":[{"embeddable":true,"href":"https:\/\/csbazois.org\/index.php\/wp-json\/wp\/v2\/comments?post=723"}],"version-history":[{"count":58,"href":"https:\/\/csbazois.org\/index.php\/wp-json\/wp\/v2\/pages\/723\/revisions"}],"predecessor-version":[{"id":4631,"href":"https:\/\/csbazois.org\/index.php\/wp-json\/wp\/v2\/pages\/723\/revisions\/4631"}],"wp:attachment":[{"href":"https:\/\/csbazois.org\/index.php\/wp-json\/wp\/v2\/media?parent=723"}],"curies":[{"name":"wp","href":"https:\/\/api.w.org\/{rel}","templated":true}]}}