{"id":2831,"date":"2022-06-02T15:28:24","date_gmt":"2022-06-02T13:28:24","guid":{"rendered":"http:\/\/csbazois.org\/?page_id=2831"},"modified":"2025-05-02T13:51:42","modified_gmt":"2025-05-02T11:51:42","slug":"elementor-2831","status":"publish","type":"page","link":"https:\/\/csbazois.org\/index.php\/elementor-2831\/","title":{"rendered":"Multi-Accueil"},"content":{"rendered":"\t\t<div data-elementor-type=\"wp-page\" data-elementor-id=\"2831\" class=\"elementor elementor-2831\">\n\t\t\t\t\t\t\t\t\t<section class=\"elementor-section elementor-top-section elementor-element elementor-element-71875e5 elementor-section-boxed elementor-section-height-default elementor-section-height-default\" data-id=\"71875e5\" data-element_type=\"section\">\n\t\t\t\t\t\t<div class=\"elementor-container elementor-column-gap-default\">\n\t\t\t\t\t<div class=\"elementor-column elementor-col-100 elementor-top-column elementor-element elementor-element-cdee72f\" data-id=\"cdee72f\" data-element_type=\"column\">\n\t\t\t<div class=\"elementor-widget-wrap elementor-element-populated\">\n\t\t\t\t\t\t\t\t<div class=\"elementor-element elementor-element-3c3d910 elementor-widget elementor-widget-heading\" data-id=\"3c3d910\" data-element_type=\"widget\" data-widget_type=\"heading.default\">\n\t\t\t\t<div class=\"elementor-widget-container\">\n\t\t\t<style>\/*! elementor - v3.16.0 - 17-10-2023 *\/\n.elementor-heading-title{padding:0;margin:0;line-height:1}.elementor-widget-heading .elementor-heading-title[class*=elementor-size-]>a{color:inherit;font-size:inherit;line-height:inherit}.elementor-widget-heading .elementor-heading-title.elementor-size-small{font-size:15px}.elementor-widget-heading .elementor-heading-title.elementor-size-medium{font-size:19px}.elementor-widget-heading .elementor-heading-title.elementor-size-large{font-size:29px}.elementor-widget-heading .elementor-heading-title.elementor-size-xl{font-size:39px}.elementor-widget-heading .elementor-heading-title.elementor-size-xxl{font-size:59px}<\/style><h2 class=\"elementor-heading-title elementor-size-default\">Multi-Accueil<\/h2>\t\t<\/div>\n\t\t\t\t<\/div>\n\t\t\t\t\t<\/div>\n\t\t<\/div>\n\t\t\t\t\t\t\t<\/div>\n\t\t<\/section>\n\t\t\t\t<section class=\"elementor-section elementor-top-section elementor-element elementor-element-ae0172f elementor-section-boxed elementor-section-height-default elementor-section-height-default\" data-id=\"ae0172f\" data-element_type=\"section\">\n\t\t\t\t\t\t<div class=\"elementor-container elementor-column-gap-default\">\n\t\t\t\t\t<div class=\"elementor-column elementor-col-100 elementor-top-column elementor-element elementor-element-1222432\" data-id=\"1222432\" data-element_type=\"column\">\n\t\t\t<div class=\"elementor-widget-wrap elementor-element-populated\">\n\t\t\t\t\t\t\t\t<div class=\"elementor-element elementor-element-e75db2b elementor-widget elementor-widget-text-editor\" data-id=\"e75db2b\" data-element_type=\"widget\" data-widget_type=\"text-editor.default\">\n\t\t\t\t<div class=\"elementor-widget-container\">\n\t\t\t<style>\/*! elementor - v3.16.0 - 17-10-2023 *\/\n.elementor-widget-text-editor.elementor-drop-cap-view-stacked .elementor-drop-cap{background-color:#69727d;color:#fff}.elementor-widget-text-editor.elementor-drop-cap-view-framed .elementor-drop-cap{color:#69727d;border:3px solid;background-color:transparent}.elementor-widget-text-editor:not(.elementor-drop-cap-view-default) .elementor-drop-cap{margin-top:8px}.elementor-widget-text-editor:not(.elementor-drop-cap-view-default) .elementor-drop-cap-letter{width:1em;height:1em}.elementor-widget-text-editor .elementor-drop-cap{float:left;text-align:center;line-height:1;font-size:50px}.elementor-widget-text-editor .elementor-drop-cap-letter{display:inline-block}<\/style>\t\t\t\t<p style=\"text-align: center;\">Le Multi-Accueil est agr\u00e9\u00e9 par le service de la Protection Maternelle et Infantile du Conseil D\u00e9partemental pour 13 places \u00e0 l\u2019heure de 8h30 \u00e0 17h et de 5 places de 7h30 \u00e0 8h et de 17h30 \u00e0 18h30 et 8 enfants de 8h \u00e0 8h30 et de 17h \u00e0 17h30.<\/p><p style=\"text-align: center;\">Le Multi-Accueil est un lieu d\u2019accueil, d\u2019activit\u00e9s d\u2019\u00e9veil, de rencontres diff\u00e9rentes du cocon familial mais compl\u00e9mentaires (parfois avant l\u2019entr\u00e9e en Maternelle). Une halte pour les parents en activit\u00e9 professionnelle ou pas, pour un mode de garde qui facilite dans certains cas la vie professionnelle des parents, pour un temps libre, pour un rendez-vous. L\u2019accueil est \u00e0 l\u2019heure, \u00e0 la demi-journ\u00e9e ou en journ\u00e9e continue, le d\u00e9jeuner et le go\u00fbter sont \u00e0 fournir par les parents.<\/p><p style=\"text-align: center;\">Ouverture: lundi, mardi, mercredi, jeudi et vendredi de 7h30 \u00e0 18h30.<\/p><p style=\"text-align: center;\">Tarif \u00e0 l\u2019heure selon le revenu de la famille (au 01\/01\/2021 de 0.44 \u20ac \u00e0 3.57 \u20ac l\u2019heure) pour les communes adh\u00e9rentes au Centre Social.<\/p><p style=\"text-align: center;\">Pour les familles des communes non adh\u00e9rentes au Centre Social (de 0.66 \u20ac \u00e0 3.79 \u20ac l\u2019heure).<\/p><p style=\"text-align: center;\">Informations \u2013 Renseignements \u2013 Inscriptions<\/p><p style=\"text-align: center;\">Maison de la Petite Enfance \u00e0 Alluy<\/p><p style=\"text-align: center;\">Tel: 03.86.78.14.89\u00a0 Mail: <span style=\"color: #ff00ff;\"><a style=\"color: #ff00ff;\" href=\"mailto:celine.herbin@csbazois.org\" target=\"_blank\" rel=\"noopener\">celine.herbin@csbazois.org<\/a><\/span><\/p>\t\t\t\t\t\t<\/div>\n\t\t\t\t<\/div>\n\t\t\t\t\t<\/div>\n\t\t<\/div>\n\t\t\t\t\t\t\t<\/div>\n\t\t<\/section>\n\t\t\t\t\t\t\t<\/div>\n\t\t","protected":false},"excerpt":{"rendered":"<p>Multi-Accueil Le Multi-Accueil est agr\u00e9\u00e9 par le service de la Protection Maternelle et Infantile du Conseil D\u00e9partemental pour 13 places \u00e0 l\u2019heure de 8h30 \u00e0 17h et de 5 places de 7h30 \u00e0 8h&#46;&#46;&#46;<\/p>\n","protected":false},"author":1,"featured_media":0,"parent":0,"menu_order":0,"comment_status":"closed","ping_status":"closed","template":"","meta":{"_exactmetrics_skip_tracking":false,"_exactmetrics_sitenote_active":false,"_exactmetrics_sitenote_note":"","_exactmetrics_sitenote_category":0,"footnotes":""},"class_list":["post-2831","page","type-page","status-publish","hentry"],"_links":{"self":[{"href":"https:\/\/csbazois.org\/index.php\/wp-json\/wp\/v2\/pages\/2831","targetHints":{"allow":["GET"]}}],"collection":[{"href":"https:\/\/csbazois.org\/index.php\/wp-json\/wp\/v2\/pages"}],"about":[{"href":"https:\/\/csbazois.org\/index.php\/wp-json\/wp\/v2\/types\/page"}],"author":[{"embeddable":true,"href":"https:\/\/csbazois.org\/index.php\/wp-json\/wp\/v2\/users\/1"}],"replies":[{"embeddable":true,"href":"https:\/\/csbazois.org\/index.php\/wp-json\/wp\/v2\/comments?post=2831"}],"version-history":[{"count":14,"href":"https:\/\/csbazois.org\/index.php\/wp-json\/wp\/v2\/pages\/2831\/revisions"}],"predecessor-version":[{"id":4704,"href":"https:\/\/csbazois.org\/index.php\/wp-json\/wp\/v2\/pages\/2831\/revisions\/4704"}],"wp:attachment":[{"href":"https:\/\/csbazois.org\/index.php\/wp-json\/wp\/v2\/media?parent=2831"}],"curies":[{"name":"wp","href":"https:\/\/api.w.org\/{rel}","templated":true}]}}